{"id":19097,"date":"2024-11-22T18:51:55","date_gmt":"2024-11-22T17:51:55","guid":{"rendered":"https:\/\/vanitasespai.es\/?page_id=19097"},"modified":"2024-12-13T09:43:29","modified_gmt":"2024-12-13T08:43:29","slug":"hair-spa-by-vanitas-espai","status":"publish","type":"page","link":"https:\/\/vanitasespai.es\/en\/hair-spa-by-vanitas-espai\/","title":{"rendered":"Hair SPA by Vanitas Espai"},"content":{"rendered":"<p>We offer 2 private Hair Spa rooms so you can enjoy our hair spa rituals with previous appointment.<br \/>\nThe perfect disconnection from daily stress that you enjoy on your own or with someone.<\/p>\n","protected":false},"excerpt":{"rendered":"<p>We offer 2 private Hair Spa rooms so you can enjoy our hair spa rituals with previous appointment. The perfect disconnection from daily stress that you enjoy on your own or with someone.<\/p>\n","protected":false},"author":1,"featured_media":17011,"parent":0,"menu_order":0,"comment_status":"closed","ping_status":"closed","template":"single-services.php","meta":{"_acf_changed":false,"_joinchat":[],"footnotes":""},"class_list":["post-19097","page","type-page","status-publish","has-post-thumbnail","hentry"],"acf":[],"yoast_head":"<!-- This site is optimized with the Yoast SEO plugin v26.1.1 - https:\/\/yoast.com\/wordpress\/plugins\/seo\/ -->\n<title>Vanitas Espai - Hair SPA by Vanitas Espai<\/title>\n<meta name=\"robots\" content=\"index, follow, max-snippet:-1, max-image-preview:large, max-video-preview:-1\" \/>\n<link rel=\"canonical\" href=\"https:\/\/vanitasespai.es\/en\/hair-spa-by-vanitas-espai\/\" \/>\n<meta property=\"og:locale\" content=\"en_US\" \/>\n<meta property=\"og:type\" content=\"article\" \/>\n<meta property=\"og:title\" content=\"Vanitas Espai - Hair SPA by Vanitas Espai\" \/>\n<meta property=\"og:description\" content=\"We offer 2 private Hair Spa rooms so you can enjoy our hair spa rituals with previous appointment. The perfect disconnection from daily stress that you enjoy on your own or with someone.\" \/>\n<meta property=\"og:url\" content=\"https:\/\/vanitasespai.es\/en\/hair-spa-by-vanitas-espai\/\" \/>\n<meta property=\"og:site_name\" content=\"Vanitas Espai\" \/>\n<meta property=\"article:modified_time\" content=\"2024-12-13T08:43:29+00:00\" \/>\n<meta property=\"og:image\" content=\"https:\/\/vanitasespai.es\/wp-content\/uploads\/2013\/01\/Fondo-Recepcion.jpg\" \/>\n\t<meta property=\"og:image:width\" content=\"1920\" \/>\n\t<meta property=\"og:image:height\" content=\"991\" \/>\n\t<meta property=\"og:image:type\" content=\"image\/jpeg\" \/>\n<meta name=\"twitter:card\" content=\"summary_large_image\" \/>\n<meta name=\"twitter:label1\" content=\"Est. reading time\" \/>\n\t<meta name=\"twitter:data1\" content=\"1 minute\" \/>\n<script type=\"application\/ld+json\" class=\"yoast-schema-graph\">{\"@context\":\"https:\/\/schema.org\",\"@graph\":[{\"@type\":\"WebPage\",\"@id\":\"https:\/\/vanitasespai.es\/en\/hair-spa-by-vanitas-espai\/\",\"url\":\"https:\/\/vanitasespai.es\/en\/hair-spa-by-vanitas-espai\/\",\"name\":\"Vanitas Espai - Hair SPA by Vanitas Espai\",\"isPartOf\":{\"@id\":\"https:\/\/vanitasespai.es\/#website\"},\"primaryImageOfPage\":{\"@id\":\"https:\/\/vanitasespai.es\/en\/hair-spa-by-vanitas-espai\/#primaryimage\"},\"image\":{\"@id\":\"https:\/\/vanitasespai.es\/en\/hair-spa-by-vanitas-espai\/#primaryimage\"},\"thumbnailUrl\":\"https:\/\/vanitasespai.es\/wp-content\/uploads\/2013\/01\/Fondo-Recepcion.jpg\",\"datePublished\":\"2024-11-22T17:51:55+00:00\",\"dateModified\":\"2024-12-13T08:43:29+00:00\",\"breadcrumb\":{\"@id\":\"https:\/\/vanitasespai.es\/en\/hair-spa-by-vanitas-espai\/#breadcrumb\"},\"inLanguage\":\"en-US\",\"potentialAction\":[{\"@type\":\"ReadAction\",\"target\":[\"https:\/\/vanitasespai.es\/en\/hair-spa-by-vanitas-espai\/\"]}]},{\"@type\":\"ImageObject\",\"inLanguage\":\"en-US\",\"@id\":\"https:\/\/vanitasespai.es\/en\/hair-spa-by-vanitas-espai\/#primaryimage\",\"url\":\"https:\/\/vanitasespai.es\/wp-content\/uploads\/2013\/01\/Fondo-Recepcion.jpg\",\"contentUrl\":\"https:\/\/vanitasespai.es\/wp-content\/uploads\/2013\/01\/Fondo-Recepcion.jpg\",\"width\":1920,\"height\":991},{\"@type\":\"BreadcrumbList\",\"@id\":\"https:\/\/vanitasespai.es\/en\/hair-spa-by-vanitas-espai\/#breadcrumb\",\"itemListElement\":[{\"@type\":\"ListItem\",\"position\":1,\"name\":\"Home\",\"item\":\"https:\/\/vanitasespai.es\/en\/\"},{\"@type\":\"ListItem\",\"position\":2,\"name\":\"Hair SPA by Vanitas Espai\"}]},{\"@type\":\"WebSite\",\"@id\":\"https:\/\/vanitasespai.es\/#website\",\"url\":\"https:\/\/vanitasespai.es\/\",\"name\":\"Vanitas Espai\",\"description\":\"Mejor sal\u00f3n de Peluquer\u00eda y Est\u00e9tica de Barcelona\",\"potentialAction\":[{\"@type\":\"SearchAction\",\"target\":{\"@type\":\"EntryPoint\",\"urlTemplate\":\"https:\/\/vanitasespai.es\/?s={search_term_string}\"},\"query-input\":{\"@type\":\"PropertyValueSpecification\",\"valueRequired\":true,\"valueName\":\"search_term_string\"}}],\"inLanguage\":\"en-US\"}]}<\/script>\n<!-- \/ Yoast SEO plugin. -->","yoast_head_json":{"title":"Vanitas Espai - Hair SPA by Vanitas Espai","robots":{"index":"index","follow":"follow","max-snippet":"max-snippet:-1","max-image-preview":"max-image-preview:large","max-video-preview":"max-video-preview:-1"},"canonical":"https:\/\/vanitasespai.es\/en\/hair-spa-by-vanitas-espai\/","og_locale":"en_US","og_type":"article","og_title":"Vanitas Espai - Hair SPA by Vanitas Espai","og_description":"We offer 2 private Hair Spa rooms so you can enjoy our hair spa rituals with previous appointment. The perfect disconnection from daily stress that you enjoy on your own or with someone.","og_url":"https:\/\/vanitasespai.es\/en\/hair-spa-by-vanitas-espai\/","og_site_name":"Vanitas Espai","article_modified_time":"2024-12-13T08:43:29+00:00","og_image":[{"width":1920,"height":991,"url":"https:\/\/vanitasespai.es\/wp-content\/uploads\/2013\/01\/Fondo-Recepcion.jpg","type":"image\/jpeg"}],"twitter_card":"summary_large_image","twitter_misc":{"Est. reading time":"1 minute"},"schema":{"@context":"https:\/\/schema.org","@graph":[{"@type":"WebPage","@id":"https:\/\/vanitasespai.es\/en\/hair-spa-by-vanitas-espai\/","url":"https:\/\/vanitasespai.es\/en\/hair-spa-by-vanitas-espai\/","name":"Vanitas Espai - Hair SPA by Vanitas Espai","isPartOf":{"@id":"https:\/\/vanitasespai.es\/#website"},"primaryImageOfPage":{"@id":"https:\/\/vanitasespai.es\/en\/hair-spa-by-vanitas-espai\/#primaryimage"},"image":{"@id":"https:\/\/vanitasespai.es\/en\/hair-spa-by-vanitas-espai\/#primaryimage"},"thumbnailUrl":"https:\/\/vanitasespai.es\/wp-content\/uploads\/2013\/01\/Fondo-Recepcion.jpg","datePublished":"2024-11-22T17:51:55+00:00","dateModified":"2024-12-13T08:43:29+00:00","breadcrumb":{"@id":"https:\/\/vanitasespai.es\/en\/hair-spa-by-vanitas-espai\/#breadcrumb"},"inLanguage":"en-US","potentialAction":[{"@type":"ReadAction","target":["https:\/\/vanitasespai.es\/en\/hair-spa-by-vanitas-espai\/"]}]},{"@type":"ImageObject","inLanguage":"en-US","@id":"https:\/\/vanitasespai.es\/en\/hair-spa-by-vanitas-espai\/#primaryimage","url":"https:\/\/vanitasespai.es\/wp-content\/uploads\/2013\/01\/Fondo-Recepcion.jpg","contentUrl":"https:\/\/vanitasespai.es\/wp-content\/uploads\/2013\/01\/Fondo-Recepcion.jpg","width":1920,"height":991},{"@type":"BreadcrumbList","@id":"https:\/\/vanitasespai.es\/en\/hair-spa-by-vanitas-espai\/#breadcrumb","itemListElement":[{"@type":"ListItem","position":1,"name":"Home","item":"https:\/\/vanitasespai.es\/en\/"},{"@type":"ListItem","position":2,"name":"Hair SPA by Vanitas Espai"}]},{"@type":"WebSite","@id":"https:\/\/vanitasespai.es\/#website","url":"https:\/\/vanitasespai.es\/","name":"Vanitas Espai","description":"Mejor sal\u00f3n de Peluquer\u00eda y Est\u00e9tica de Barcelona","potentialAction":[{"@type":"SearchAction","target":{"@type":"EntryPoint","urlTemplate":"https:\/\/vanitasespai.es\/?s={search_term_string}"},"query-input":{"@type":"PropertyValueSpecification","valueRequired":true,"valueName":"search_term_string"}}],"inLanguage":"en-US"}]}},"_links":{"self":[{"href":"https:\/\/vanitasespai.es\/en\/wp-json\/wp\/v2\/pages\/19097","targetHints":{"allow":["GET"]}}],"collection":[{"href":"https:\/\/vanitasespai.es\/en\/wp-json\/wp\/v2\/pages"}],"about":[{"href":"https:\/\/vanitasespai.es\/en\/wp-json\/wp\/v2\/types\/page"}],"author":[{"embeddable":true,"href":"https:\/\/vanitasespai.es\/en\/wp-json\/wp\/v2\/users\/1"}],"replies":[{"embeddable":true,"href":"https:\/\/vanitasespai.es\/en\/wp-json\/wp\/v2\/comments?post=19097"}],"version-history":[{"count":3,"href":"https:\/\/vanitasespai.es\/en\/wp-json\/wp\/v2\/pages\/19097\/revisions"}],"predecessor-version":[{"id":19111,"href":"https:\/\/vanitasespai.es\/en\/wp-json\/wp\/v2\/pages\/19097\/revisions\/19111"}],"wp:featuredmedia":[{"embeddable":true,"href":"https:\/\/vanitasespai.es\/en\/wp-json\/wp\/v2\/media\/17011"}],"wp:attachment":[{"href":"https:\/\/vanitasespai.es\/en\/wp-json\/wp\/v2\/media?parent=19097"}],"curies":[{"name":"wp","href":"https:\/\/api.w.org\/{rel}","templated":true}]}}

<!-- This site is optimized with the Yoast SEO plugin v26.1.1 - https://yoast.com/wordpress/plugins/seo/ -->
<title>Vanitas Espai - Hair SPA by Vanitas Espai</title>
<meta name="robots" content="index, follow, max-snippet:-1, max-image-preview:large, max-video-preview:-1" />
<link rel="canonical" href="https://vanitasespai.es/en/hair-spa-by-vanitas-espai/" />
<meta property="og:locale" content="en_US" />
<meta property="og:type" content="article" />
<meta property="og:title" content="Vanitas Espai - Hair SPA by Vanitas Espai" />
<meta property="og:description" content="We offer 2 private Hair Spa rooms so you can enjoy our hair spa rituals with previous appointment. The perfect disconnection from daily stress that you enjoy on your own or with someone." />
<meta property="og:url" content="https://vanitasespai.es/en/hair-spa-by-vanitas-espai/" />
<meta property="og:site_name" content="Vanitas Espai" />
<meta property="article:modified_time" content="2024-12-13T08:43:29+00:00" />
<meta property="og:image" content="https://vanitasespai.es/wp-content/uploads/2013/01/Fondo-Recepcion.jpg" />
	<meta property="og:image:width" content="1920" />
	<meta property="og:image:height" content="991" />
	<meta property="og:image:type" content="image/jpeg" />
<meta name="twitter:card" content="summary_large_image" />
<meta name="twitter:label1" content="Est. reading time" />
	<meta name="twitter:data1" content="1 minute" />
<script type="application/ld+json" class="yoast-schema-graph">{"@context":"https://schema.org","@graph":[{"@type":"WebPage","@id":"https://vanitasespai.es/en/hair-spa-by-vanitas-espai/","url":"https://vanitasespai.es/en/hair-spa-by-vanitas-espai/","name":"Vanitas Espai - Hair SPA by Vanitas Espai","isPartOf":{"@id":"https://vanitasespai.es/#website"},"primaryImageOfPage":{"@id":"https://vanitasespai.es/en/hair-spa-by-vanitas-espai/#primaryimage"},"image":{"@id":"https://vanitasespai.es/en/hair-spa-by-vanitas-espai/#primaryimage"},"thumbnailUrl":"https://vanitasespai.es/wp-content/uploads/2013/01/Fondo-Recepcion.jpg","datePublished":"2024-11-22T17:51:55+00:00","dateModified":"2024-12-13T08:43:29+00:00","breadcrumb":{"@id":"https://vanitasespai.es/en/hair-spa-by-vanitas-espai/#breadcrumb"},"inLanguage":"en-US","potentialAction":[{"@type":"ReadAction","target":["https://vanitasespai.es/en/hair-spa-by-vanitas-espai/"]}]},{"@type":"ImageObject","inLanguage":"en-US","@id":"https://vanitasespai.es/en/hair-spa-by-vanitas-espai/#primaryimage","url":"https://vanitasespai.es/wp-content/uploads/2013/01/Fondo-Recepcion.jpg","contentUrl":"https://vanitasespai.es/wp-content/uploads/2013/01/Fondo-Recepcion.jpg","width":1920,"height":991},{"@type":"BreadcrumbList","@id":"https://vanitasespai.es/en/hair-spa-by-vanitas-espai/#breadcrumb","itemListElement":[{"@type":"ListItem","position":1,"name":"Home","item":"https://vanitasespai.es/en/"},{"@type":"ListItem","position":2,"name":"Hair SPA by Vanitas Espai"}]},{"@type":"WebSite","@id":"https://vanitasespai.es/#website","url":"https://vanitasespai.es/","name":"Vanitas Espai","description":"Mejor salón de Peluquería y Estética de Barcelona","potentialAction":[{"@type":"SearchAction","target":{"@type":"EntryPoint","urlTemplate":"https://vanitasespai.es/?s={search_term_string}"},"query-input":{"@type":"PropertyValueSpecification","valueRequired":true,"valueName":"search_term_string"}}],"inLanguage":"en-US"}]}</script>
<!-- / Yoast SEO plugin. -->

Mejor salón de Peluquería y Estética de Barcelona
