{"id":17828,"date":"2020-07-28T12:04:56","date_gmt":"2020-07-28T10:04:56","guid":{"rendered":"https:\/\/vanitasespai.es\/?page_id=17828"},"modified":"2020-09-04T12:19:09","modified_gmt":"2020-09-04T10:19:09","slug":"aesthetic","status":"publish","type":"page","link":"https:\/\/vanitasespai.es\/en\/aesthetic\/","title":{"rendered":"Aesthetic"},"content":{"rendered":"<p>At Vanitas Espai we have a team of aestheticians with wide national and international training and experience. We want to offer the best aesthetic services in Barcelona: our biggest concern is giving personalized attention to each client and the quality of our services.<\/p>\n","protected":false},"excerpt":{"rendered":"<p>At Vanitas Espai we have a team of aestheticians with wide national and international training and experience. We want to offer the best aesthetic services in Barcelona: our biggest concern is giving personalized attention to each client and the quality of our services.<\/p>\n","protected":false},"author":1,"featured_media":16700,"parent":0,"menu_order":0,"comment_status":"closed","ping_status":"closed","template":"home-services.php","meta":{"_acf_changed":false,"_joinchat":[],"footnotes":""},"class_list":["post-17828","page","type-page","status-publish","has-post-thumbnail","hentry"],"acf":[],"yoast_head":"<!-- This site is optimized with the Yoast SEO plugin v26.1.1 - https:\/\/yoast.com\/wordpress\/plugins\/seo\/ -->\n<title>Vanitas Espai - Aesthetic<\/title>\n<meta name=\"robots\" content=\"index, follow, max-snippet:-1, max-image-preview:large, max-video-preview:-1\" \/>\n<link rel=\"canonical\" href=\"https:\/\/vanitasespai.es\/en\/aesthetic\/\" \/>\n<meta property=\"og:locale\" content=\"en_US\" \/>\n<meta property=\"og:type\" content=\"article\" \/>\n<meta property=\"og:title\" content=\"Vanitas Espai - Aesthetic\" \/>\n<meta property=\"og:description\" content=\"At Vanitas Espai we have a team of aestheticians with wide national and international training and experience. We want to offer the best aesthetic services in Barcelona: our biggest concern is giving personalized attention to each client and the quality of our services.\" \/>\n<meta property=\"og:url\" content=\"https:\/\/vanitasespai.es\/en\/aesthetic\/\" \/>\n<meta property=\"og:site_name\" content=\"Vanitas Espai\" \/>\n<meta property=\"article:modified_time\" content=\"2020-09-04T10:19:09+00:00\" \/>\n<meta property=\"og:image\" content=\"https:\/\/vanitasespai.es\/wp-content\/uploads\/2016\/11\/vnt-2016-g3.jpg\" \/>\n\t<meta property=\"og:image:width\" content=\"1000\" \/>\n\t<meta property=\"og:image:height\" content=\"660\" \/>\n\t<meta property=\"og:image:type\" content=\"image\/jpeg\" \/>\n<meta name=\"twitter:card\" content=\"summary_large_image\" \/>\n<script type=\"application\/ld+json\" class=\"yoast-schema-graph\">{\"@context\":\"https:\/\/schema.org\",\"@graph\":[{\"@type\":\"WebPage\",\"@id\":\"https:\/\/vanitasespai.es\/en\/aesthetic\/\",\"url\":\"https:\/\/vanitasespai.es\/en\/aesthetic\/\",\"name\":\"Vanitas Espai - Aesthetic\",\"isPartOf\":{\"@id\":\"https:\/\/vanitasespai.es\/#website\"},\"primaryImageOfPage\":{\"@id\":\"https:\/\/vanitasespai.es\/en\/aesthetic\/#primaryimage\"},\"image\":{\"@id\":\"https:\/\/vanitasespai.es\/en\/aesthetic\/#primaryimage\"},\"thumbnailUrl\":\"https:\/\/vanitasespai.es\/wp-content\/uploads\/2016\/11\/vnt-2016-g3.jpg\",\"datePublished\":\"2020-07-28T10:04:56+00:00\",\"dateModified\":\"2020-09-04T10:19:09+00:00\",\"breadcrumb\":{\"@id\":\"https:\/\/vanitasespai.es\/en\/aesthetic\/#breadcrumb\"},\"inLanguage\":\"en-US\",\"potentialAction\":[{\"@type\":\"ReadAction\",\"target\":[\"https:\/\/vanitasespai.es\/en\/aesthetic\/\"]}]},{\"@type\":\"ImageObject\",\"inLanguage\":\"en-US\",\"@id\":\"https:\/\/vanitasespai.es\/en\/aesthetic\/#primaryimage\",\"url\":\"https:\/\/vanitasespai.es\/wp-content\/uploads\/2016\/11\/vnt-2016-g3.jpg\",\"contentUrl\":\"https:\/\/vanitasespai.es\/wp-content\/uploads\/2016\/11\/vnt-2016-g3.jpg\",\"width\":1000,\"height\":660},{\"@type\":\"BreadcrumbList\",\"@id\":\"https:\/\/vanitasespai.es\/en\/aesthetic\/#breadcrumb\",\"itemListElement\":[{\"@type\":\"ListItem\",\"position\":1,\"name\":\"Home\",\"item\":\"https:\/\/vanitasespai.es\/en\/\"},{\"@type\":\"ListItem\",\"position\":2,\"name\":\"Aesthetic\"}]},{\"@type\":\"WebSite\",\"@id\":\"https:\/\/vanitasespai.es\/#website\",\"url\":\"https:\/\/vanitasespai.es\/\",\"name\":\"Vanitas Espai\",\"description\":\"Mejor sal\u00f3n de Peluquer\u00eda y Est\u00e9tica de Barcelona\",\"potentialAction\":[{\"@type\":\"SearchAction\",\"target\":{\"@type\":\"EntryPoint\",\"urlTemplate\":\"https:\/\/vanitasespai.es\/?s={search_term_string}\"},\"query-input\":{\"@type\":\"PropertyValueSpecification\",\"valueRequired\":true,\"valueName\":\"search_term_string\"}}],\"inLanguage\":\"en-US\"}]}<\/script>\n<!-- \/ Yoast SEO plugin. -->","yoast_head_json":{"title":"Vanitas Espai - Aesthetic","robots":{"index":"index","follow":"follow","max-snippet":"max-snippet:-1","max-image-preview":"max-image-preview:large","max-video-preview":"max-video-preview:-1"},"canonical":"https:\/\/vanitasespai.es\/en\/aesthetic\/","og_locale":"en_US","og_type":"article","og_title":"Vanitas Espai - Aesthetic","og_description":"At Vanitas Espai we have a team of aestheticians with wide national and international training and experience. We want to offer the best aesthetic services in Barcelona: our biggest concern is giving personalized attention to each client and the quality of our services.","og_url":"https:\/\/vanitasespai.es\/en\/aesthetic\/","og_site_name":"Vanitas Espai","article_modified_time":"2020-09-04T10:19:09+00:00","og_image":[{"width":1000,"height":660,"url":"https:\/\/vanitasespai.es\/wp-content\/uploads\/2016\/11\/vnt-2016-g3.jpg","type":"image\/jpeg"}],"twitter_card":"summary_large_image","schema":{"@context":"https:\/\/schema.org","@graph":[{"@type":"WebPage","@id":"https:\/\/vanitasespai.es\/en\/aesthetic\/","url":"https:\/\/vanitasespai.es\/en\/aesthetic\/","name":"Vanitas Espai - Aesthetic","isPartOf":{"@id":"https:\/\/vanitasespai.es\/#website"},"primaryImageOfPage":{"@id":"https:\/\/vanitasespai.es\/en\/aesthetic\/#primaryimage"},"image":{"@id":"https:\/\/vanitasespai.es\/en\/aesthetic\/#primaryimage"},"thumbnailUrl":"https:\/\/vanitasespai.es\/wp-content\/uploads\/2016\/11\/vnt-2016-g3.jpg","datePublished":"2020-07-28T10:04:56+00:00","dateModified":"2020-09-04T10:19:09+00:00","breadcrumb":{"@id":"https:\/\/vanitasespai.es\/en\/aesthetic\/#breadcrumb"},"inLanguage":"en-US","potentialAction":[{"@type":"ReadAction","target":["https:\/\/vanitasespai.es\/en\/aesthetic\/"]}]},{"@type":"ImageObject","inLanguage":"en-US","@id":"https:\/\/vanitasespai.es\/en\/aesthetic\/#primaryimage","url":"https:\/\/vanitasespai.es\/wp-content\/uploads\/2016\/11\/vnt-2016-g3.jpg","contentUrl":"https:\/\/vanitasespai.es\/wp-content\/uploads\/2016\/11\/vnt-2016-g3.jpg","width":1000,"height":660},{"@type":"BreadcrumbList","@id":"https:\/\/vanitasespai.es\/en\/aesthetic\/#breadcrumb","itemListElement":[{"@type":"ListItem","position":1,"name":"Home","item":"https:\/\/vanitasespai.es\/en\/"},{"@type":"ListItem","position":2,"name":"Aesthetic"}]},{"@type":"WebSite","@id":"https:\/\/vanitasespai.es\/#website","url":"https:\/\/vanitasespai.es\/","name":"Vanitas Espai","description":"Mejor sal\u00f3n de Peluquer\u00eda y Est\u00e9tica de Barcelona","potentialAction":[{"@type":"SearchAction","target":{"@type":"EntryPoint","urlTemplate":"https:\/\/vanitasespai.es\/?s={search_term_string}"},"query-input":{"@type":"PropertyValueSpecification","valueRequired":true,"valueName":"search_term_string"}}],"inLanguage":"en-US"}]}},"_links":{"self":[{"href":"https:\/\/vanitasespai.es\/en\/wp-json\/wp\/v2\/pages\/17828","targetHints":{"allow":["GET"]}}],"collection":[{"href":"https:\/\/vanitasespai.es\/en\/wp-json\/wp\/v2\/pages"}],"about":[{"href":"https:\/\/vanitasespai.es\/en\/wp-json\/wp\/v2\/types\/page"}],"author":[{"embeddable":true,"href":"https:\/\/vanitasespai.es\/en\/wp-json\/wp\/v2\/users\/1"}],"replies":[{"embeddable":true,"href":"https:\/\/vanitasespai.es\/en\/wp-json\/wp\/v2\/comments?post=17828"}],"version-history":[{"count":6,"href":"https:\/\/vanitasespai.es\/en\/wp-json\/wp\/v2\/pages\/17828\/revisions"}],"predecessor-version":[{"id":17988,"href":"https:\/\/vanitasespai.es\/en\/wp-json\/wp\/v2\/pages\/17828\/revisions\/17988"}],"wp:featuredmedia":[{"embeddable":true,"href":"https:\/\/vanitasespai.es\/en\/wp-json\/wp\/v2\/media\/16700"}],"wp:attachment":[{"href":"https:\/\/vanitasespai.es\/en\/wp-json\/wp\/v2\/media?parent=17828"}],"curies":[{"name":"wp","href":"https:\/\/api.w.org\/{rel}","templated":true}]}}

<!-- This site is optimized with the Yoast SEO plugin v26.1.1 - https://yoast.com/wordpress/plugins/seo/ -->
<title>Vanitas Espai - Aesthetic</title>
<meta name="robots" content="index, follow, max-snippet:-1, max-image-preview:large, max-video-preview:-1" />
<link rel="canonical" href="https://vanitasespai.es/en/aesthetic/" />
<meta property="og:locale" content="en_US" />
<meta property="og:type" content="article" />
<meta property="og:title" content="Vanitas Espai - Aesthetic" />
<meta property="og:description" content="At Vanitas Espai we have a team of aestheticians with wide national and international training and experience. We want to offer the best aesthetic services in Barcelona: our biggest concern is giving personalized attention to each client and the quality of our services." />
<meta property="og:url" content="https://vanitasespai.es/en/aesthetic/" />
<meta property="og:site_name" content="Vanitas Espai" />
<meta property="article:modified_time" content="2020-09-04T10:19:09+00:00" />
<meta property="og:image" content="https://vanitasespai.es/wp-content/uploads/2016/11/vnt-2016-g3.jpg" />
	<meta property="og:image:width" content="1000" />
	<meta property="og:image:height" content="660" />
	<meta property="og:image:type" content="image/jpeg" />
<meta name="twitter:card" content="summary_large_image" />
<script type="application/ld+json" class="yoast-schema-graph">{"@context":"https://schema.org","@graph":[{"@type":"WebPage","@id":"https://vanitasespai.es/en/aesthetic/","url":"https://vanitasespai.es/en/aesthetic/","name":"Vanitas Espai - Aesthetic","isPartOf":{"@id":"https://vanitasespai.es/#website"},"primaryImageOfPage":{"@id":"https://vanitasespai.es/en/aesthetic/#primaryimage"},"image":{"@id":"https://vanitasespai.es/en/aesthetic/#primaryimage"},"thumbnailUrl":"https://vanitasespai.es/wp-content/uploads/2016/11/vnt-2016-g3.jpg","datePublished":"2020-07-28T10:04:56+00:00","dateModified":"2020-09-04T10:19:09+00:00","breadcrumb":{"@id":"https://vanitasespai.es/en/aesthetic/#breadcrumb"},"inLanguage":"en-US","potentialAction":[{"@type":"ReadAction","target":["https://vanitasespai.es/en/aesthetic/"]}]},{"@type":"ImageObject","inLanguage":"en-US","@id":"https://vanitasespai.es/en/aesthetic/#primaryimage","url":"https://vanitasespai.es/wp-content/uploads/2016/11/vnt-2016-g3.jpg","contentUrl":"https://vanitasespai.es/wp-content/uploads/2016/11/vnt-2016-g3.jpg","width":1000,"height":660},{"@type":"BreadcrumbList","@id":"https://vanitasespai.es/en/aesthetic/#breadcrumb","itemListElement":[{"@type":"ListItem","position":1,"name":"Home","item":"https://vanitasespai.es/en/"},{"@type":"ListItem","position":2,"name":"Aesthetic"}]},{"@type":"WebSite","@id":"https://vanitasespai.es/#website","url":"https://vanitasespai.es/","name":"Vanitas Espai","description":"Mejor salón de Peluquería y Estética de Barcelona","potentialAction":[{"@type":"SearchAction","target":{"@type":"EntryPoint","urlTemplate":"https://vanitasespai.es/?s={search_term_string}"},"query-input":{"@type":"PropertyValueSpecification","valueRequired":true,"valueName":"search_term_string"}}],"inLanguage":"en-US"}]}</script>
<!-- / Yoast SEO plugin. -->

Mejor salón de Peluquería y Estética de Barcelona
